 10?
100001100010011000
In base 16, what is 17 - -6316?
632d
In base 12, what is 32 - 36ab9?
-36a87
In base 15, what is 38 + 510?
548
In base 14, what is -13a - -543?
407
In base 9, what is -36368 - -2?
-36366
In base 4, what is -1031003 + -2013?
-1033022
In base 2, what is -100 + -101000101100111000?
-101000101100111100
In base 2, what is -1001000111001111 - 1111110?
-1001001001001101
In base 8, what is -6047 - 45?
-6114
In base 10, what is -3073799 + 1?
-3073798
In base 2, what is -101011010 - 111001?
-110010011
In base 4, what is -13312011 - -220?
-13311131
In base 2, what is 11111000010001101 + 100?
11111000010010001
In base 3, what is 1 + -1211211222000?
-1211211221222
In base 10, what is 15 - 154741?
-154726
In base 2, what is -1010100011100110110010 + 100?
-1010100011100110101110
In base 3, what is -1010210 - 1101?
-1012011
In base 10, what is 5 - -48518?
48523
In base 11, what is -27 + -1472?
-1499
In base 12, what is 245 + -63?
1a2
In base 13, what is c7 + -10?
b7
In base 10, what is 2075161 + 0?
2075161
In base 12, what is -35 + -263b?
-2674
In base 10, what is -78441 - -6?
-78435
In base 14, what is -48613 + -9?
-4861c
In base 5, what is 40430 + -4?
40421
In base 13, what is c3 - 22?
a1
In base 10, what is -2 + -56493?
-56495
In base 7, what is 10260 + -5?
10252
In base 9, what is -285 - 314?
-610
In base 12, what is -850 - 309?
-b59
In base 2, what is 1011000010011000 + -11?
1011000010010101
In base 4, what is -2211220220 + -10?
-2211220230
In base 7, what is 0 - -1150401?
1150401
In base 16, what is 28d3a + 5?
28d3f
In base 3, what is 11120 + -201?
10212
In base 15, what is -1ac50 + -7?
-1ac57
In base 6, what is -134012 - 13?
-134025
In base 7, what is 4 - 2060030?
-2060023
In base 5, what is -233323 - -400?
-232423
In base 6, what is -454100 - -21?
-454035
In base 6, what is 3 + -34032?
-34025
In base 7, what is -26045 + -16?
-26064
In base 3, what is -1022 + -1002010110?
-1002011202
In base 3, what is -2 - 21102100202?
-21102100211
In base 4, what is -23 + 1111222?
1111133
In base 13, what is 23 + 4a1c?
4a42
In base 5, what is 23024 + 1021?
24100
In base 6, what is -1 - -331223?
331222
In base 10, what is -9891 - 37?
-9928
In base 9, what is 45870 + 4?
45874
In base 16, what is e0b3 - -56?
e109
In base 5, what is 30 - 332340?
-332310
In base 11, what is -63 - -1358?
12a5
In base 8, what is -71 - 140222?
-140313
In base 6, what is -20 - 113052?
-113112
In base 2, what is 10 + 11110000011010?
11110000011100
In base 8, what is 12 + -417442?
-417430
In base 15, what is 33b28d - 2?
33b28b
In base 14, what is 137c2 - a?
137b6
In base 10, what is -5 - 227085?
-227090
In base 15, what is 89e + -202?
69c
In base 15, what is -1a - 4022?
-403c
In base 15, what is -11bd2 + -7?
-11bd9
In base 4, what is 1003020 - 10?
1003010
In base 8, what is -65 - -12226?
12141
In base 16, what is -2f - -6e?
3f
In base 8, what is 26475 + 670?
27365
In base 3, what is -2000 + -102100121?
-102102121
In base 7, what is -2026 - 134?
-2163
In base 10, what is 12 - 153156?
-153144
In base 16, what is ae1 + -20?
ac1
In base 12, what is -22 - 823?
-845
In base 16, what is -e17 - 6a?
-e81
In base 13, what is -3c1308 + 5?
-3c1303
In base 3, what is -10 + 121002011100?
121002011020
In base 8, what is -2 + 64063?
64061
In base 16, what is 6af + 2a?
6d9
In base 9, what is -367512 - -2?
-367510
In base 9, what is -4 + -666040?
-666044
In base 12, what is 6ba - 44?
676
In base 7, what is -420 + -1011?
-1431
In base 8, what is -1 + -12125?
-12126
In base 16, what is 3 + -36a2?
-369f
In base 11, what is 3 + 989a7?
989aa
In base 9, what is 0 - 218447?
-218447
In base 14, what is -17a9 - 0?
-17a9
In base 11, what is -2 + 2a821?
2a81a
In base 6, what is 10 + -10504?
-10454
In base 5, what is 10 + -23320341?
-23320331
In base 7, what is -40600260 + -5?
-40600265
In base 14, what is -201 - -39?
-1a6
In base 4, what is -3230 + -10210030?
-10213320
In base 2, what is -11 - 10000101010111?
-10000101011010
In base 10, what is -13 - -592?
579
In base 10, what is 13586 + -121?
13465
In base 9, what is -4 - -232748?
232744
In base 11, what is 15a - -6689?
6838
In base 13, what is -2 + -1995c?
-19961
In base 12, what is 38159 + -1?
38158
In base 3, what is -120 + 212121100?
212120210
In base 13, what is 8a0b + 6?
8a14
In base 5, what is -23210010 + 4?
-23210001
In base 3, what is 10101102 - -210001?
11011110
In base 6, what is -14553320 - -2?
-14553314
In base 5, what is 1422242 + 3?
1422300
In base 9, what is 3643 + 10?
3653
In base 16, what is -c + -8e82f?
-8e83b
In base 12, what is 5 - -33141?
33146
In base 12, what is -1 - a9a63?
-a9a64
In base 15, what is 13 - -1d99?
1dac
In base 15, what is -99 - 47c?
-526
In base 13, what is -49c41 + 3?
-49c3b
In base 16, what is -3 - 22e0d?
-22e10
In base 15, what is -29a3ea + 0?
-29a3ea
In base 8, what is 5 + -137747?
-137742
In base 12, what is -400 + 19?
-3a3
In base 8, what is 610505 - -5?
610512
In base 16, what is -921 + c?
-915
In base 13, what is 176b24 - -2?
176b26
In base 13, what is 94 - 1b46?
-1a82
In base 16, what is -1 + 1b784?
1b783
In base 15, what is 0 - -210d?
210d
In base 8, what is 1 - 165353?
-165352
In base 11, what is 12 + 29421?
29433
In base 13, what is 5637 + 35?
566c
In base 11, what is -5262344 - 3?
-5262347
In base 13, what is 4 + -a9cc3?
-a9cbc
In base 10, what is 1 + -116196?
-116195
In base 4, what is 3012013 + 1220?
3013233
In base 5, what is -12001 + 32012?
20011
In base 8, what is 22101 + -6?
22073
In base 5, what is -1423230 + 21?
-1423204
In base 2, what is -1001101111 + 10000?
-1001011111
In base 16, what is -7c - 124a?
-12c6
In base 5, what is -23113204 + 2?
-23113202
In base 5, what is 2 + 210302?
210304
In base 16, what is -4a + 139?
ef
In base 10, what is -5133 + -30?
-5163
In base 5, what is 12121140 + 12?
12121202
In base 10, what is -2 + 2317?
2315
In base 4, what is 31213013 + -12?
31213001
In base 6, what is -1225513 - -2?
-1225511
In base 3, what is 1 + -2120022?
-2120021
In base 7, what is -1 - 215400?
-215401
In base 14, what is 16 - -448?
460
In base 3, what is -120002100 - -2?
-120002021
In base 14, what is -105bc + 31?
-1058b
In base 11, what is 53615 - 0?
53615
In base 2, what is -101 - 111111010110?
-111111011011
In base 15, what is b77 - 3?
b74
In base 9, what is -2 - -51820?
51817
In base 14, what is -1064 + -57?
-10bb
In base 13, what is -5 - -6843?
683b
In base 3, what is 10011102 + -10012?
10001020
In base 10, what is 431 + 39?
470
In base 5, what is -31430 - 4444?
-41424
In base 14, what is 18 + 9404?
941c
In base 3, what is 11 - -1202100211?
1202100222
In base 4, what is 3303 - -223?
10132
In base 10, what is 81 - -1998?
2079
In base 12, what is 7b + 86?
145
In base 9, what is 23 + 183067?
183101
In base 5, what is -102 - -2112?
2010
In base 16, what is -12e725 - 2?
-12e727
In base 3, what is 2202122 - -1102?
2211001
In base 10, what is 4 - -2671?
2675
In base 15, what is -1e23 + -3?
-1e26
In base 15, what is -14cc + 6?
-14c6
In base 9, what is 5034 + -18?
5015
In base 2, what is -1001011100001111111 - 10111?
-1001011100010010110
In base 9, what is 0 + -108808?
-108808
In base 4, what is -10 + 30330?
30320
In base 3, what is 222 + 2001221110?
2001222102
In base 14, what is -28ba4 + -2?
-28ba6
In base 6, what is -4245 - 303?
-4552
In base 16, what is -10 - 13a5e?
-13a6e
In base 7, what is 1 - 142661?
-142660
In base 8, what is 4 + 11342?
11346
In base 8, what is 111574 - 5?
111567
In base 7, what is -1042020 + 2?
-1042015
In base 13, what is 2 - -2999?
299b
In base 16, what is -1 + -372f?
-3730
In base 3, what is 10010 - -2010112?
2020122
In base 16, what is 1 - f3d48?
-f3d47
In base 9, what is -462 - -3?
-458
In base 13, what is 13a + 433?
570
In base 14, what is 32 + 907?
939
In base 10, what is -466 + 12?
-454
In base 7, what is -33426144 - -5?
-33426136
In base 10, what is -11504 + 17?
-11487
In base 6, what is -3251032 - 5?
-3251041
In base 7, what is -40 - -3255?
3215
In base 11, what is 670 + -650?
20
In base 4, what is 1013 - 21122013?
-21121000
In base 14, what is 2 - 61a?
-618
In base 16, what is 2 - 369d?
-369b
In base 8, what is 14 - -3016?
3032
In base 15, what is 8467 - 3?
8464
In base 9, what is -572 + -2146?
-2728
In base 4, what is 2301101133 + -2?
2301101131
In 